h**2 + 12*h - 91. Let r(p) = 4*d(p) - 5*t(p). Give r(-20).
7
Let o be (7 - (0 - -4)) + 1 - 0. Let p(l) be the second derivative of 5/12*l**o - 16*l + 0 - 2*l**2 + 1/20*l**5 - 1/2*l**3. Give p(-6).
-22
Suppose -2*i + 2*m = -6, 20*m = 11*m. Let p(f) be the third derivative of 0*f - 26*f**2 + 0 - 1/24*f**4 + 3/2*f**i. What is p(4)?
5
Let r(y) = -104*y - 24 + 4 + 231*y + y**3 - 43*y - 20*y**2. What is r(14)?
-20
Let m(h) be the third derivative of h**8/20160 - h**7/840 + h**6/360 - h**5/20 - h**4/6 + 19*h**2 + h. Let t(j) be the third derivative of m(j). Give t(5).
-3
Let p(f) = -7*f + 210. Let t = -5071 - -5101. Calculate p(t).
0
Let p(c) = c**3 + 29*c**2 - c - 34. Let h be p(-29). Let l(m) = 4*m - 6. Let v(x) = 7*x - 11. Let w(f) = h*l(f) + 3*v(f). Determine w(3).
0
Let d(z) = z + 19. Let w be (-272)/(-44) + -6 + (-420)/11. Let u = -52 - w. What is d(u)?
5
Suppose 0 = -h + 5*h - 20. Suppose -4*k + 7 = y, h*y + 27 = -k + 5. Let b(v) = k - 6*v - 18*v - 2. Calculate b(1).
-23
Let r(y) = -5*y**3 + 44*y**2 - 12*y - 108. Let t(a) = -a**3 + 9*a**2 - 2*a - 21. Let m(l) = -2*r(l) + 11*t(l). Determine m(11).
7
Let h = -51 - -47. Let q be ((-12)/h - -1)/(1/6). Let m = q - 26. Let p(t) = -2*t - 3. Determine p(m).
1
Let i(f) be the second derivative of f**4/12 - 14*f**3/3 + 97*f**2 - 3040*f. Calculate i(16).
2
Let q(s) = 236*s**2 + 0*s - s**3 - 115*s**2 + 6 - 4*s - s - 115*s**2. Suppose -4*d - 11 = c - 36, -d - 15 = -4*c. What is q(d)?
6
Let x(p) be the third derivative of -p**6/360 - p**5/30 - p**4/24 - 16*p**3/3 - 18*p**2 + 4. Let s(w) be the first derivative of x(w). Give s(-5).
-6
Let l(s) = 7*s + 14*s + 67 - 36*s + 47. Determine l(8).
-6
Let z(g) be the first derivative of g**4/4 - 19*g**3/3 - 2*g**2 + 39*g + 2208. Determine z(19).
-37
Let i(m) be the third derivative of -m**6/120 - 2*m**5/15 - m**4/3 - 7*m**3/6 + 16*m**2. Let z = -175 - -168. Calculate i(z).
0
Let q(t) = 26 + 8 + 2*t - 43. Suppose 336 = 4*b + h, 0 = b + 3*h + 3 - 87. Let l = -77 + b. Give q(l).
5
Let y(f) be the second derivative of f**5/60 + 7*f**4/24 + 3*f**3/2 + 49*f**2/2 - 2*f - 17. Let j(o) be the first derivative of y(o). Determine j(-8).
17
Let c(s) = -s**3 - 10*s**2 + 10*s - 11. Let p(r) = -3*r**2 - 8*r + 5. Suppose 13*b = 145 - 28. Suppose 8*t + 23 = -b. Let g be p(t). Calculate c(g).
0
Suppose -72 = 14*v - 6*v. Let s(n) = -2*n - 4 + 4*n - 10*n - n**2 + 12. Calculate s(v).
-1
Suppose -4*w = 3*r - 2, -91*r = -88*r - 4*w - 10. Let x(t) = -5*t**2 + 4*t + 1. Calculate x(r).
-11
Suppose 5*w + y - 36 = 0, -w = -3*w + 2*y. Let v(p) be the third derivative of -p**4/8 + 5*p**3/6 + p**2. What is v(w)?
-13
Suppose -62*v = -60*v + 34. Let u be (v - -8) + (18 - -3). Let c(r) = -r**3 + 11*r**2 + 12*r - 1. Determine c(u).
-1
Let g(b) = 5*b + b**3 - 3 + 21*b**2 - b**2 - 6*b**2 - 4*b**2 - 5*b**2. Determine g(-3).
0
Let h(a) = -987*a**2 + 2 + 1984*a**2 - 984*a**2. Determine h(-2).
54
Let o = -358 + 400. Suppose 6*q + 6 + o = 0. Let i(k) = k**2 + 12*k - 3. Determine i(q).
-35
Let y(n) be the first derivative of -13*n**3/3 - 77*n**2/2 + 6*n + 11512. What is y(-6)?
0
Let q(n) = -n**3 + 8*n**2 + 5*n - 9. Let m be q(8). Suppose p - m = -34. Let t(i) be the third derivative of i**5/60 + i**4/6 + i**3/6 + 4*i**2. Give t(p).
-2
Let i be 6/18 + (-22)/(-6). Let y(a) be the third derivative of a**4/24 + a**3/6 + 116*a**2. Give y(i).
5
Let g(r) = -4*r**3 + 5*r**2 - 5*r - 7. Let b(k) = 6 + 5*k - 4*k**2 - 2*k**2 - 3 + 3*k**3 + 4. Let f(u) = -3*b(u) - 2*g(u). Let z = 278 - 271. What is f(z)?
7
Let s be 32/20 + 4/10. Let k(g) = s*g - 2*g**2 + g**3 - 5*g - 1 + 0. Let y = -263586 + 263590. Give k(y).
19
Let y = -420707/12 + 35059. Let d(g) be the second derivative of -1/6*g**3 - y*g**4 + 0 + 5/2*g**2 + 22*g. What is d(-4)?
-7
Let d(s) = 4*s**2 + 40*s - 2. Let z(x) = x**2 + 5*x. Let p(k) = -d(k) + 5*z(k). Let m be (-1)/(21/(-6)) - (-480)/35. Give p(m).
-12
Let p(m) = -m**3 + 2*m**2 + 6*m - 4. Suppose 0 = -13*s + 10*s - x + 55, -3*x = -3. Suppose 20*w - s*w - 8 = 0. Give p(w).
-12
Let i(y) be the first derivative of y**3/3 + 9*y**2/2 - 11*y + 1. Suppose 4*q = -4*x + 32, -4*x - 3*q + 30 - 2 = 0. Suppose -x + 49 = -5*r. Give i(r).
-11
Let x(d) = -11 + 41*d - d**3 + 36*d**2 + 35*d**2 - 98*d**2 + 37*d**2. Calculate x(13).
15
Let y(q) = 2*q**2 - 38*q + 4. Let f = -1983 - -2002. Determine y(f).
4
Let f(i) = i**2 + i - 36. Let t(l) = l**3 + 34*l**2 + 38*l + 165. Let v be t(-33). Determine f(v).
-36
Let s(h) be the first derivative of -8*h**3/3 + h**2/2 - 175098. Suppose 0 = -5*m + 3*p - 13, 5*m + 2*p = -0*p - 8. Let l be m*-2*2/8. Determine s(l).
-7
Let a(q) = q - 4. Let c(p) = -22*p - 37. Let r be c(-2). Give a(r).
3
Let h = 3 - 6. Let x(r) = -10*r**2 - 7*r - 396. Let t(j) = -3*j**2 - 2*j - 125. Let l(z) = 19*t(z) - 6*x(z). Determine l(h).
16
Let g = 69220 + -69219. Let m(q) = -q**2 + 3*q**2 - 1 + q**3 + 0*q**3. Determine m(g).
2
Let v(u) = 4*u**3 - 2*u**2 - 2*u - 53. Let b(w) = w**3 - w - 19. Let r(s) = -3*b(s) + v(s). Calculate r(0).
4
Let x(y) be the second derivative of -y**5/20 - 13*y**4/12 + 5*y**3/3 + 19*y**2/2 + y - 989. What is x(-14)?
75
Let q(c) be the third derivative of -c**4/8 - 11*c**3/6 - 2*c**2. Suppose 63*v + 42*v = -315. Calculate q(v).
-2
Let p(g) = 7*g + 5. Let w(h) = -15*h - 11. Suppose -9*f = -2*f + 91. Let m(a) = f*p(a) - 6*w(a). Determine m(-1).
2
Suppose -2*j + 15 = -3*a, 2*j + 0*j = 2*a + 16. Suppose -u - 1 = -0*u, i + 5*u = -j. Let t be -3 + i/(5/5). Let y(v) = v**3 + 7*v**2 + v + 5. Give y(t).
-2
Suppose -10*b + 4*b = 18. Let a be (1 - (-3)/b) + 2. Suppose -3*u - a = 1. Let f(v) = 4*v**3 - 2*v**2 - 2*v - 1. Determine f(u).
-5
Let l(z) = 5*z + 21. Let o(c) = -5*c + 70. Let d be o(-20). Suppose 7*p = 128 - d. Give l(p).
-9
Let z(r) be the third derivative of -r**4/8 + 35*r**3/6 - r**2 + 69*r. Give z(14).
-7
Let x(g) be the first derivative of -g**4/2 + 5*g**3/3 + g**2 + g - 700. Determine x(3).
-2
Let c(s) = -11*s**2 + 8*s + 1245 + s**3 - 420 - 412 - 418. What is c(10)?
-25
Let h(r) be the third derivative of 0*r + 89*r**2 + 0*r**3 + 1/4*r**4 + 0. Let l be (1 - 0)*-1*4. Calculate h(l).
-24
Let r = -63 - -69. Let p(i) be the third derivative of i**5/60 - 3*i**4/8 + i**3/2 - 265*i**2 - 2*i. Calculate p(r).
-15
Suppose 5*n - 15 = -5*v, 4*v = -4*n + 7*v - 23. Let r(g) be the first derivative of g**3/3 - g**2/2 - g - 3. Calculate r(n).
5
Let m(j) = 41 + 15*j - 6*j**3 - 3*j**3 + 0*j**3 + 8*j**3 - 286*j**2 + 280*j**2. Calculate m(-7).
-15
Let q = -1 - -2. Let k(t) = -t**3 + 27*t**2 + 27*t + 19. Let s be k(-16). Let h(z) = 3 - 3 - s*z + 10599*z. Give h(q).
4
Let h be 1*-3 - (-1 + 2). Let b(i) = -15*i + 21. Let t be (-27 + 1)/((-4)/2). Let f(v) = -33*v + 45. Let l(k) = t*b(k) - 6*f(k). Determine l(h).
-9
Let q(a) be the first derivative of a**4/4 + 3*a**3 - 4*a**2 + 10*a + 4051. Give q(-9).
82
Let s(v) = v**2 - 9*v + 12. Let y = 10 + -2. Let r be s(y). Suppose 3*z + r*a - 19 = 3, -4*a = -5*z + 26. Let t(u) = -u**3 + 7*u**2 - 4*u - 2. Determine t(z).
10
Suppose u - 20 = 3*v - 0*u, -5*v - 10 = 3*u. Let x(o) be the third derivative of -o**6/120 - o**5/12 - o**4/8 + o**3/3 + 6*o**2 + 247*o. Calculate x(v).
17
Let q(g) = -7*g**2 + g + 1. Let p = 78 - 77. Suppose -y = -4*u, -2*u - 15 = 3*y - p. What is q(u)?
-7
Let k(t) = -t**2 - 8*t - 8. Suppose 0*l - 9 = l. Let i be ((-16)/6)/((-3)/l - 1). Suppose q - i*s - 4 - 5 = 0, 11 = -q - s. Give k(q).
-1
Let v(z) = z**2 + 12*z - 11. Suppose 5*f + 9*f - 728 = 0. Suppose 9*s = 13*s + f. What is v(s)?
2
Let c(w) = -16*w**2 + 35*w - 159. Let d(j) = 7*j**2 - 18*j + 86. Let q(m) = -4*c(m) - 9*d(m). What is q(5)?
-3
Let c(f) = f**2 - 2*f + 3. Let x be c(0). Let l(g) = -20 + 20 + g**x - g. Let q(t) = -t**3 + 10*t**2 - 8*t - 9. Let p be q(9). Give l(p).
0
Let k(d) = d**2 - 19*d - 3. Suppose 0 = -58*b + 65*b - 42. Let o(a) = -a + 1. Let h(r) = b*o(r) - k(r). Give h(13).
9
Suppose -3*x + 3 = -0. Let l(z) = z**2 + 1. Let b be l(x). Let m(w) = -5*w - 37 - 39 + 79. What is m(b)?
-7
Let h(b) be the first derivative of 3*b**2/2 + 12*b + 34. Determine h(-3).
3
Let a(z) = -5*z + 8. Let x(v) = -4*v + 8. Let w = -8 + 11. Let p(r) = w*a(r) - 4*x(r). Suppose 0 = -5*l + 4*j + 19, 3*l + 2*j = -2 + 31. Give p(l).
-1
Let s(v) be the first derivative of v**3 - 1/4*v**4 + 1/2*v**2 - 2*v +